[INFO] cloning repository https://github.com/Lythenas/rust-orgmode
[INFO] running `Command { std: "git" "-c" "credential.helper=" "-c" "credential.helper=/workspace/cargo-home/bin/git-credential-null" "clone" "--bare" "https://github.com/Lythenas/rust-orgmode" "/workspace/cache/git-repos/https%3A%2F%2Fgithub.com%2FLythenas%2Frust-orgmode", kill_on_drop: false }`
[INFO] [stderr] Cloning into bare repository '/workspace/cache/git-repos/https%3A%2F%2Fgithub.com%2FLythenas%2Frust-orgmode'...
[INFO] running `Command { std: "git" "rev-parse" "HEAD", kill_on_drop: false }`
[INFO] [stdout] dc724d47e8cd0d120abd40a12afd2531d3449cc0
[INFO] checking Lythenas/rust-orgmode against master#9610dfe5a9a731ced1ea4923ecbd0c57fe367898 for beta-170-4
[INFO] running `Command { std: "git" "clone" "/workspace/cache/git-repos/https%3A%2F%2Fgithub.com%2FLythenas%2Frust-orgmode" "/workspace/builds/worker-7-tc1/source", kill_on_drop: false }`
[INFO] [stderr] Cloning into '/workspace/builds/worker-7-tc1/source'...
[INFO] [stderr] done.
[INFO] validating manifest of git repo https://github.com/Lythenas/rust-orgmode on toolchain 9610dfe5a9a731ced1ea4923ecbd0c57fe367898
[INFO] running `Command { std: CARGO_HOME="/workspace/cargo-home" RUSTUP_HOME="/workspace/rustup-home" "/workspace/cargo-home/bin/cargo" "+9610dfe5a9a731ced1ea4923ecbd0c57fe367898" "metadata" "--manifest-path" "Cargo.toml" "--no-deps", kill_on_drop: false }`
[INFO] started tweaking git repo https://github.com/Lythenas/rust-orgmode
[INFO] finished tweaking git repo https://github.com/Lythenas/rust-orgmode
[INFO] tweaked toml for git repo https://github.com/Lythenas/rust-orgmode written to /workspace/builds/worker-7-tc1/source/Cargo.toml
[INFO] crate git repo https://github.com/Lythenas/rust-orgmode already has a lockfile, it will not be regenerated
[INFO] running `Command { std: CARGO_HOME="/workspace/cargo-home" RUSTUP_HOME="/workspace/rustup-home" "/workspace/cargo-home/bin/cargo" "+9610dfe5a9a731ced1ea4923ecbd0c57fe367898" "fetch" "--manifest-path" "Cargo.toml", kill_on_drop: false }`
[INFO] [stderr]  Downloading crates ...
[INFO] [stderr]   Downloaded memchr v2.1.1
[INFO] [stderr]   Downloaded failure_derive v0.1.3
[INFO] [stderr]   Downloaded rusty-fork v0.2.1
[INFO] [stderr]   Downloaded ucd-trie v0.1.1
[INFO] [stderr]   Downloaded bit-set v0.5.0
[INFO] [stderr]   Downloaded phf_macros v0.7.23
[INFO] [stderr]   Downloaded redox_syscall v0.1.43
[INFO] [stderr]   Downloaded bit-vec v0.5.0
[INFO] [stderr]   Downloaded wait-timeout v0.1.5
[INFO] [stderr]   Downloaded failure v0.1.3
[INFO] [stderr]   Downloaded syn v0.15.22
[INFO] [stderr]   Downloaded regex-syntax v0.6.3
[INFO] [stderr]   Downloaded libc v0.2.44
[INFO] running `Command { std: "docker" "create" "-v" "/var/lib/crater-agent-workspace/builds/worker-7-tc1/target:/opt/rustwide/target:rw,Z" "-v" "/var/lib/crater-agent-workspace/builds/worker-7-tc1/source:/opt/rustwide/workdir:ro,Z" "-v" "/var/lib/crater-agent-workspace/cargo-home:/opt/rustwide/cargo-home:ro,Z" "-v" "/var/lib/crater-agent-workspace/rustup-home:/opt/rustwide/rustup-home:ro,Z" "-e" "SOURCE_DIR=/opt/rustwide/workdir" "-e" "CARGO_TARGET_DIR=/opt/rustwide/target" "-e" "CARGO_HOME=/opt/rustwide/cargo-home" "-e" "RUSTUP_HOME=/opt/rustwide/rustup-home" "-w" "/opt/rustwide/workdir" "-m" "1610612736" "--user" "0:0" "--network" "none" "ghcr.io/rust-lang/crates-build-env/linux@sha256:19e73879b68f455e41552ea35293514db52ea292d993f571636dbffedb77a1ee" "/opt/rustwide/cargo-home/bin/cargo" "+9610dfe5a9a731ced1ea4923ecbd0c57fe367898" "metadata" "--no-deps" "--format-version=1", kill_on_drop: false }`
[INFO] [stdout] 36490eec95932f051f268dd586baf597eeb0229fe4c90f65e436ce0dbffd484f
[INFO] running `Command { std: "docker" "start" "-a" "36490eec95932f051f268dd586baf597eeb0229fe4c90f65e436ce0dbffd484f", kill_on_drop: false }`
[INFO] running `Command { std: "docker" "inspect" "36490eec95932f051f268dd586baf597eeb0229fe4c90f65e436ce0dbffd484f", kill_on_drop: false }`
[INFO] running `Command { std: "docker" "rm" "-f" "36490eec95932f051f268dd586baf597eeb0229fe4c90f65e436ce0dbffd484f", kill_on_drop: false }`
[INFO] [stdout] 36490eec95932f051f268dd586baf597eeb0229fe4c90f65e436ce0dbffd484f
[INFO] running `Command { std: "docker" "create" "-v" "/var/lib/crater-agent-workspace/builds/worker-7-tc1/target:/opt/rustwide/target:rw,Z" "-v" "/var/lib/crater-agent-workspace/builds/worker-7-tc1/source:/opt/rustwide/workdir:ro,Z" "-v" "/var/lib/crater-agent-workspace/cargo-home:/opt/rustwide/cargo-home:ro,Z" "-v" "/var/lib/crater-agent-workspace/rustup-home:/opt/rustwide/rustup-home:ro,Z" "-e" "SOURCE_DIR=/opt/rustwide/workdir" "-e" "CARGO_TARGET_DIR=/opt/rustwide/target" "-e" "CARGO_INCREMENTAL=0" "-e" "RUST_BACKTRACE=full" "-e" "RUSTFLAGS=--cap-lints=forbid" "-e" "RUSTDOCFLAGS=--cap-lints=forbid" "-e" "CARGO_HOME=/opt/rustwide/cargo-home" "-e" "RUSTUP_HOME=/opt/rustwide/rustup-home" "-w" "/opt/rustwide/workdir" "-m" "1610612736" "--user" "0:0" "--network" "none" "ghcr.io/rust-lang/crates-build-env/linux@sha256:19e73879b68f455e41552ea35293514db52ea292d993f571636dbffedb77a1ee" "/opt/rustwide/cargo-home/bin/cargo" "+9610dfe5a9a731ced1ea4923ecbd0c57fe367898" "check" "--frozen" "--all" "--all-targets" "--message-format=json", kill_on_drop: false }`
[INFO] [stdout] 54eb110e54c15af48e140412424b4e4059529bbba515b3be7cc9eb76448d2dcc
[INFO] running `Command { std: "docker" "start" "-a" "54eb110e54c15af48e140412424b4e4059529bbba515b3be7cc9eb76448d2dcc", kill_on_drop: false }`
[INFO] [stderr]    Compiling libc v0.2.44
[INFO] [stderr]    Compiling proc-macro2 v0.4.24
[INFO] [stderr]     Checking rand_core v0.3.0
[INFO] [stderr]    Compiling unicode-xid v0.1.0
[INFO] [stderr]     Checking cfg-if v0.1.6
[INFO] [stderr]    Compiling num-traits v0.2.6
[INFO] [stderr]    Compiling cc v1.0.25
[INFO] [stderr]    Compiling rand_pcg v0.1.1
[INFO] [stderr]    Compiling rand_chacha v0.1.0
[INFO] [stderr]    Compiling rand v0.6.1
[INFO] [stderr]    Compiling memchr v2.1.1
[INFO] [stderr]     Checking ucd-util v0.1.3
[INFO] [stderr]    Compiling ucd-trie v0.1.1
[INFO] [stderr]    Compiling pest v2.0.2
[INFO] [stderr]    Compiling rand_core v0.2.2
[INFO] [stderr]     Checking rand_xorshift v0.1.0
[INFO] [stderr]     Checking rand_isaac v0.1.1
[INFO] [stderr]     Checking rand_hc v0.1.0
[INFO] [stderr]    Compiling siphasher v0.2.3
[INFO] [stderr]    Compiling quote v0.6.10
[INFO] [stderr]    Compiling failure_derive v0.1.3
[INFO] [stderr]    Compiling num-integer v0.1.39
[INFO] [stderr]     Checking lazy_static v1.2.0
[INFO] [stderr]    Compiling syn v0.15.22
[INFO] [stderr]    Compiling maplit v1.0.1
[INFO] [stderr]    Compiling syn v0.14.9
[INFO] [stderr]    Compiling phf_shared v0.7.23
[INFO] [stderr]    Compiling backtrace-sys v0.1.24
[INFO] [stderr]    Compiling rand v0.5.5
[INFO] [stderr]     Checking remove_dir_all v0.5.1
[INFO] [stderr]    Compiling pest_meta v2.0.3
[INFO] [stderr]     Checking rustc-demangle v0.1.9
[INFO] [stderr]    Compiling regex v0.2.11
[INFO] [stderr]     Checking aho-corasick v0.6.9
[INFO] [stderr]     Checking thread_local v0.3.6
[INFO] [stderr]     Checking wait-timeout v0.1.5
[INFO] [stderr]     Checking time v0.1.40
[INFO] [stderr]     Checking regex-syntax v0.5.6
[INFO] [stderr]     Checking tempfile v3.0.5
[INFO] [stderr]     Checking backtrace v0.3.9
[INFO] [stderr]     Checking either v1.5.0
[INFO] [stderr]    Compiling phf_generator v0.7.23
[INFO] [stderr]     Checking fnv v1.0.6
[INFO] [stderr]     Checking quick-error v1.2.2
[INFO] [stderr]     Checking bit-vec v0.5.0
[INFO] [stderr]     Checking utf8-ranges v1.0.2
[INFO] [stderr]     Checking rusty-fork v0.2.1
[INFO] [stderr]     Checking bit-set v0.5.0
[INFO] [stderr]    Compiling pest_generator v2.0.0
[INFO] [stderr]     Checking itertools v0.7.11
[INFO] [stderr]    Compiling phf_macros v0.7.23
[INFO] [stdout] error[E0557]: feature has been removed
[INFO] [stdout]   --> /opt/rustwide/cargo-home/registry/src/index.crates.io-6f17d22bba15001f/phf_macros-0.7.23/src/lib.rs:34:12
[INFO] [stdout]    |
[INFO] [stdout] 34 | #![feature(plugin_registrar, quote, rustc_private)]
[INFO] [stdout]    |            ^^^^^^^^^^^^^^^^ feature has been removed
[INFO] [stdout]    |
[INFO] [stdout]    = note: a __rustc_plugin_registrar symbol must now be defined instead
[INFO] [stdout] 
[INFO] [stdout] 
[INFO] [stdout] error[E0557]: feature has been removed
[INFO] [stdout]   --> /opt/rustwide/cargo-home/registry/src/index.crates.io-6f17d22bba15001f/phf_macros-0.7.23/src/lib.rs:34:30
[INFO] [stdout]    |
[INFO] [stdout] 34 | #![feature(plugin_registrar, quote, rustc_private)]
[INFO] [stdout]    |                              ^^^^^ feature has been removed
[INFO] [stdout] 
[INFO] [stdout] 
[INFO] [stdout] error[E0463]: can't find crate for `syntax`
[INFO] [stdout]   --> /opt/rustwide/cargo-home/registry/src/index.crates.io-6f17d22bba15001f/phf_macros-0.7.23/src/lib.rs:37:1
[INFO] [stdout]    |
[INFO] [stdout] 37 | extern crate syntax;
[INFO] [stdout]    | ^^^^^^^^^^^^^^^^^^^^ can't find crate
[INFO] [stdout] 
[INFO] [stdout] 
[INFO] [stdout] error[E0463]: can't find crate for `syntax_pos`
[INFO] [stdout]   --> /opt/rustwide/cargo-home/registry/src/index.crates.io-6f17d22bba15001f/phf_macros-0.7.23/src/lib.rs:38:1
[INFO] [stdout]    |
[INFO] [stdout] 38 | extern crate syntax_pos;
[INFO] [stdout]    | ^^^^^^^^^^^^^^^^^^^^^^^^ can't find crate
[INFO] [stdout] 
[INFO] [stdout] 
[INFO] [stdout] error[E0463]: can't find crate for `rustc_plugin`
[INFO] [stdout]   --> /opt/rustwide/cargo-home/registry/src/index.crates.io-6f17d22bba15001f/phf_macros-0.7.23/src/lib.rs:41:1
[INFO] [stdout]    |
[INFO] [stdout] 41 | extern crate rustc_plugin;
[INFO] [stdout]    | ^^^^^^^^^^^^^^^^^^^^^^^^^^ can't find crate
[INFO] [stdout]    |
[INFO] [stdout]    = help: maybe you need to install the missing components with: `rustup component add rust-src rustc-dev llvm-tools-preview`
[INFO] [stdout] 
[INFO] [stdout] 
[INFO] [stdout] error: cannot find macro `quote_expr` in this scope
[INFO] [stdout]   --> /opt/rustwide/cargo-home/registry/src/index.crates.io-6f17d22bba15001f/phf_macros-0.7.23/src/util.rs:93:39
[INFO] [stdout]    |
[INFO] [stdout] 93 |                      .map(|&(d1, d2)| quote_expr!(&*cx, ($d1, $d2)))
[INFO] [stdout]    |                                       ^^^^^^^^^^
[INFO] [stdout] 
[INFO] [stdout] 
[INFO] [stdout] error: cannot find macro `quote_expr` in this scope
[INFO] [stdout]    --> /opt/rustwide/cargo-home/registry/src/index.crates.io-6f17d22bba15001f/phf_macros-0.7.23/src/util.rs:101:28
[INFO] [stdout]     |
[INFO] [stdout] 101 | ...                   quote_expr!(&*cx, ($key, $value))
[INFO] [stdout]     |                       ^^^^^^^^^^
[INFO] [stdout] 
[INFO] [stdout] 
[INFO] [stdout] error: cannot find macro `quote_expr` in this scope
[INFO] [stdout]    --> /opt/rustwide/cargo-home/registry/src/index.crates.io-6f17d22bba15001f/phf_macros-0.7.23/src/util.rs:107:20
[INFO] [stdout]     |
[INFO] [stdout] 107 |     MacEager::expr(quote_expr!(cx, ::phf::Map {
[INFO] [stdout]     |                    ^^^^^^^^^^
[INFO] [stdout] 
[INFO] [stdout] 
[INFO] [stdout] error: cannot find macro `quote_expr` in this scope
[INFO] [stdout]    --> /opt/rustwide/cargo-home/registry/src/index.crates.io-6f17d22bba15001f/phf_macros-0.7.23/src/util.rs:120:20
[INFO] [stdout]     |
[INFO] [stdout] 120 |     MacEager::expr(quote_expr!(cx, ::phf::Set { map: $map }))
[INFO] [stdout]     |                    ^^^^^^^^^^
[INFO] [stdout] 
[INFO] [stdout] 
[INFO] [stdout] error: cannot find macro `quote_expr` in this scope
[INFO] [stdout]    --> /opt/rustwide/cargo-home/registry/src/index.crates.io-6f17d22bba15001f/phf_macros-0.7.23/src/util.rs:130:39
[INFO] [stdout]     |
[INFO] [stdout] 130 |                      .map(|&(d1, d2)| quote_expr!(&*cx, ($d1, $d2)))
[INFO] [stdout]     |                                       ^^^^^^^^^^
[INFO] [stdout] 
[INFO] [stdout] 
[INFO] [stdout] error: cannot find macro `quote_expr` in this scope
[INFO] [stdout]    --> /opt/rustwide/cargo-home/registry/src/index.crates.io-6f17d22bba15001f/phf_macros-0.7.23/src/util.rs:134:44
[INFO] [stdout]     |
[INFO] [stdout] 134 |     let idxs = state.map.iter().map(|&idx| quote_expr!(&*cx, $idx)).collect();
[INFO] [stdout]     |                                            ^^^^^^^^^^
[INFO] [stdout] 
[INFO] [stdout] 
[INFO] [stdout] error: cannot find macro `quote_expr` in this scope
[INFO] [stdout]    --> /opt/rustwide/cargo-home/registry/src/index.crates.io-6f17d22bba15001f/phf_macros-0.7.23/src/util.rs:139:30
[INFO] [stdout]     |
[INFO] [stdout] 139 | ...                   quote_expr!(&*cx, ($key, $value))
[INFO] [stdout]     |                       ^^^^^^^^^^
[INFO] [stdout] 
[INFO] [stdout] 
[INFO] [stdout] error: cannot find macro `quote_expr` in this scope
[INFO] [stdout]    --> /opt/rustwide/cargo-home/registry/src/index.crates.io-6f17d22bba15001f/phf_macros-0.7.23/src/util.rs:145:20
[INFO] [stdout]     |
[INFO] [stdout] 145 |     MacEager::expr(quote_expr!(cx, ::phf::OrderedMap {
[INFO] [stdout]     |                    ^^^^^^^^^^
[INFO] [stdout] 
[INFO] [stdout] 
[INFO] [stdout] error: cannot find macro `quote_expr` in this scope
[INFO] [stdout]    --> /opt/rustwide/cargo-home/registry/src/index.crates.io-6f17d22bba15001f/phf_macros-0.7.23/src/util.rs:159:20
[INFO] [stdout]     |
[INFO] [stdout] 159 |     MacEager::expr(quote_expr!(cx, ::phf::OrderedSet { map: $map }))
[INFO] [stdout]     |                    ^^^^^^^^^^
[INFO] [stdout] 
[INFO] [stdout] 
[INFO] [stdout] error: cannot find attribute `plugin_registrar` in this scope
[INFO] [stdout]   --> /opt/rustwide/cargo-home/registry/src/index.crates.io-6f17d22bba15001f/phf_macros-0.7.23/src/lib.rs:75:3
[INFO] [stdout]    |
[INFO] [stdout] 75 | #[plugin_registrar]
[INFO] [stdout]    |   ^^^^^^^^^^^^^^^^
[INFO] [stdout] 
[INFO] [stdout] 
[INFO] [stdout] error: cannot find macro `panictry` in this scope
[INFO] [stdout]    --> /opt/rustwide/cargo-home/registry/src/index.crates.io-6f17d22bba15001f/phf_macros-0.7.23/src/lib.rs:173:43
[INFO] [stdout]     |
[INFO] [stdout] 173 |         let key = cx.expander().fold_expr(panictry!(parser.parse_expr()));
[INFO] [stdout]     |                                           ^^^^^^^^
[INFO] [stdout] 
[INFO] [stdout] 
[INFO] [stdout] error: cannot find macro `panictry` in this scope
[INFO] [stdout]    --> /opt/rustwide/cargo-home/registry/src/index.crates.io-6f17d22bba15001f/phf_macros-0.7.23/src/lib.rs:185:21
[INFO] [stdout]     |
[INFO] [stdout] 185 |         let value = panictry!(parser.parse_expr());
[INFO] [stdout]     |                     ^^^^^^^^
[INFO] [stdout] 
[INFO] [stdout] 
[INFO] [stdout] error: cannot find macro `quote_expr` in this scope
[INFO] [stdout]    --> /opt/rustwide/cargo-home/registry/src/index.crates.io-6f17d22bba15001f/phf_macros-0.7.23/src/lib.rs:209:17
[INFO] [stdout]     |
[INFO] [stdout] 209 |     let value = quote_expr!(&*cx, ());
[INFO] [stdout]     |                 ^^^^^^^^^^
[INFO] [stdout] 
[INFO] [stdout] 
[INFO] [stdout] error: cannot find macro `panictry` in this scope
[INFO] [stdout]    --> /opt/rustwide/cargo-home/registry/src/index.crates.io-6f17d22bba15001f/phf_macros-0.7.23/src/lib.rs:213:43
[INFO] [stdout]     |
[INFO] [stdout] 213 |         let key = cx.expander().fold_expr(panictry!(parser.parse_expr()));
[INFO] [stdout]     |                                           ^^^^^^^^
[INFO] [stdout] 
[INFO] [stdout] 
[INFO] [stdout] error: aborting due to 19 previous errors
[INFO] [stdout] 
[INFO] [stdout] 
[INFO] [stdout] Some errors have detailed explanations: E0463, E0557.
[INFO] [stdout] 
[INFO] [stdout] For more information about an error, try `rustc --explain E0463`.
[INFO] [stdout] 
[INFO] [stderr] error: could not compile `phf_macros` (lib) due to 20 previous errors
[INFO] [stderr] warning: build failed, waiting for other jobs to finish...
[INFO] running `Command { std: "docker" "inspect" "54eb110e54c15af48e140412424b4e4059529bbba515b3be7cc9eb76448d2dcc", kill_on_drop: false }`
[INFO] running `Command { std: "docker" "rm" "-f" "54eb110e54c15af48e140412424b4e4059529bbba515b3be7cc9eb76448d2dcc", kill_on_drop: false }`
[INFO] [stdout] 54eb110e54c15af48e140412424b4e4059529bbba515b3be7cc9eb76448d2dcc
